[INFO] cloning repository https://github.com/Kimundi/rust_cube_fun_1
[INFO] running `Command { std: "git" "-c" "credential.helper=" "-c" "credential.helper=/workspace/cargo-home/bin/git-credential-null" "clone" "--bare" "https://github.com/Kimundi/rust_cube_fun_1" "/workspace/cache/git-repos/https%3A%2F%2Fgithub.com%2FKimundi%2Frust_cube_fun_1", kill_on_drop: false }`
[INFO] [stderr] Cloning into bare repository '/workspace/cache/git-repos/https%3A%2F%2Fgithub.com%2FKimundi%2Frust_cube_fun_1'...
[INFO] running `Command { std: "git" "rev-parse" "HEAD", kill_on_drop: false }`
[INFO] [stdout] 02c81d14d762755bc2e6fd127ef40d5564dd56b0
[INFO] checking Kimundi/rust_cube_fun_1 against try#72f88fc4e9458f89516a0b8b0868f3718aec5b47 for pr-74989
[INFO] running `Command { std: "git" "clone" "/workspace/cache/git-repos/https%3A%2F%2Fgithub.com%2FKimundi%2Frust_cube_fun_1" "/workspace/builds/worker-3/source", kill_on_drop: false }`
[INFO] [stderr] Cloning into '/workspace/builds/worker-3/source'...
[INFO] [stderr] done.
[INFO] validating manifest of git repo https://github.com/Kimundi/rust_cube_fun_1 on toolchain 72f88fc4e9458f89516a0b8b0868f3718aec5b47
[INFO] running `Command { std: "/workspace/cargo-home/bin/cargo" "+72f88fc4e9458f89516a0b8b0868f3718aec5b47" "read-manifest" "--manifest-path" "Cargo.toml", kill_on_drop: false }`
[INFO] started tweaking git repo https://github.com/Kimundi/rust_cube_fun_1
[INFO] finished tweaking git repo https://github.com/Kimundi/rust_cube_fun_1
[INFO] tweaked toml for git repo https://github.com/Kimundi/rust_cube_fun_1 written to /workspace/builds/worker-3/source/Cargo.toml
[INFO] crate git repo https://github.com/Kimundi/rust_cube_fun_1 already has a lockfile, it will not be regenerated
[INFO] running `Command { std: "/workspace/cargo-home/bin/cargo" "+72f88fc4e9458f89516a0b8b0868f3718aec5b47" "fetch" "--locked" "--manifest-path" "Cargo.toml", kill_on_drop: false }`
[INFO] [stderr] error: the lock file /workspace/builds/worker-3/source/Cargo.lock needs to be updated but --locked was passed to prevent this
[INFO] [stderr] If you want to try to generate the lock file without accessing the network, use the --offline flag.
[INFO] the lockfile is outdated, regenerating it
[INFO] running `Command { std: "/workspace/cargo-home/bin/cargo" "+72f88fc4e9458f89516a0b8b0868f3718aec5b47" "generate-lockfile" "--manifest-path" "Cargo.toml" "-Zno-index-update", kill_on_drop: false }`
[INFO] running `Command { std: "/workspace/cargo-home/bin/cargo" "+72f88fc4e9458f89516a0b8b0868f3718aec5b47" "fetch" "--locked" "--manifest-path" "Cargo.toml", kill_on_drop: false }`
[INFO] [stderr]     Blocking waiting for file lock on package cache
[INFO] [stderr]  Downloading crates ...
[INFO] [stderr]   Downloaded gfx_window_glutin v0.31.0
[INFO] running `Command { std: "docker" "create" "-v" "/var/lib/crater-agent-workspace/builds/worker-3/target:/opt/rustwide/target:rw,Z" "-v" "/var/lib/crater-agent-workspace/builds/worker-3/source:/opt/rustwide/workdir:ro,Z" "-v" "/var/lib/crater-agent-workspace/cargo-home:/opt/rustwide/cargo-home:ro,Z" "-v" "/var/lib/crater-agent-workspace/rustup-home:/opt/rustwide/rustup-home:ro,Z" "-e" "SOURCE_DIR=/opt/rustwide/workdir" "-e" "CARGO_TARGET_DIR=/opt/rustwide/target" "-e" "CARGO_HOME=/opt/rustwide/cargo-home" "-e" "RUSTUP_HOME=/opt/rustwide/rustup-home" "-w" "/opt/rustwide/workdir" "-m" "1610612736" "--user" "0:0" "--network" "none" "rustops/crates-build-env@sha256:d92eaeed33fa75130ca1ee6c8a01d1ffb62bac859dfdfb3450e3e5d1c0146529" "/opt/rustwide/cargo-home/bin/cargo" "+72f88fc4e9458f89516a0b8b0868f3718aec5b47" "metadata" "--no-deps" "--format-version=1", kill_on_drop: false }`
[INFO] [stdout] 93ee83f66c249f8e8fcf311ef8d37b652131d629b527f9f10f2ebe3a6d252e2b
[INFO] [stderr] WARNING: Your kernel does not support swap limit capabilities or the cgroup is not mounted. Memory limited without swap.
[INFO] running `Command { std: "docker" "start" "-a" "93ee83f66c249f8e8fcf311ef8d37b652131d629b527f9f10f2ebe3a6d252e2b", kill_on_drop: false }`
[INFO] running `Command { std: "docker" "inspect" "93ee83f66c249f8e8fcf311ef8d37b652131d629b527f9f10f2ebe3a6d252e2b", kill_on_drop: false }`
[INFO] running `Command { std: "docker" "rm" "-f" "93ee83f66c249f8e8fcf311ef8d37b652131d629b527f9f10f2ebe3a6d252e2b", kill_on_drop: false }`
[INFO] [stdout] 93ee83f66c249f8e8fcf311ef8d37b652131d629b527f9f10f2ebe3a6d252e2b
[INFO] running `Command { std: "docker" "create" "-v" "/var/lib/crater-agent-workspace/builds/worker-3/target:/opt/rustwide/target:rw,Z" "-v" "/var/lib/crater-agent-workspace/builds/worker-3/source:/opt/rustwide/workdir:ro,Z" "-v" "/var/lib/crater-agent-workspace/cargo-home:/opt/rustwide/cargo-home:ro,Z" "-v" "/var/lib/crater-agent-workspace/rustup-home:/opt/rustwide/rustup-home:ro,Z" "-e" "SOURCE_DIR=/opt/rustwide/workdir" "-e" "CARGO_TARGET_DIR=/opt/rustwide/target" "-e" "CARGO_INCREMENTAL=0" "-e" "RUST_BACKTRACE=full" "-e" "RUSTFLAGS=--cap-lints=forbid" "-e" "CARGO_HOME=/opt/rustwide/cargo-home" "-e" "RUSTUP_HOME=/opt/rustwide/rustup-home" "-w" "/opt/rustwide/workdir" "-m" "1610612736" "--user" "0:0" "--network" "none" "rustops/crates-build-env@sha256:d92eaeed33fa75130ca1ee6c8a01d1ffb62bac859dfdfb3450e3e5d1c0146529" "/opt/rustwide/cargo-home/bin/cargo" "+72f88fc4e9458f89516a0b8b0868f3718aec5b47" "check" "--frozen" "--all" "--all-targets" "--message-format=json", kill_on_drop: false }`
[INFO] [stdout] f3a98a207f9dd3a4ce5b8373e30d55983e0a5a5999d052f2b4a3a98b5e0e1edd
[INFO] [stderr] WARNING: Your kernel does not support swap limit capabilities or the cgroup is not mounted. Memory limited without swap.
[INFO] running `Command { std: "docker" "start" "-a" "f3a98a207f9dd3a4ce5b8373e30d55983e0a5a5999d052f2b4a3a98b5e0e1edd", kill_on_drop: false }`
[INFO] [stderr]     Blocking waiting for file lock on package cache
[INFO] [stderr]    Compiling autocfg v1.0.1
[INFO] [stderr]    Compiling libc v0.2.77
[INFO] [stderr]     Checking cfg-if v0.1.10
[INFO] [stderr]    Compiling xml-rs v0.8.3
[INFO] [stderr]     Checking lazy_static v1.4.0
[INFO] [stderr]    Compiling log v0.4.11
[INFO] [stderr]    Compiling bitflags v1.2.1
[INFO] [stderr]    Compiling maybe-uninit v2.0.0
[INFO] [stderr]    Compiling libloading v0.6.3
[INFO] [stderr]     Checking scopeguard v1.1.0
[INFO] [stderr]     Checking downcast-rs v1.2.0
[INFO] [stderr]    Compiling autocfg v0.1.7
[INFO] [stderr]     Checking same-file v1.0.6
[INFO] [stderr]    Compiling pkg-config v0.3.18
[INFO] [stderr]     Checking lazycell v1.3.0
[INFO] [stderr]    Compiling rayon-core v1.8.0
[INFO] [stderr]     Checking smallvec v1.4.2
[INFO] [stderr]    Compiling memchr v2.3.3
[INFO] [stderr]    Compiling cc v1.0.59
[INFO] [stderr]     Checking either v1.6.0
[INFO] [stderr]     Checking ahash v0.3.8
[INFO] [stderr]     Checking arrayvec v0.5.1
[INFO] [stderr]    Compiling cgmath v0.17.0
[INFO] [stderr]     Checking atom v0.3.5
[INFO] [stderr]     Checking mopa v0.2.2
[INFO] [stderr]     Checking instant v0.1.6
[INFO] [stderr]     Checking shrev v1.1.1
[INFO] [stderr]     Checking tuple_utils v0.3.0
[INFO] [stderr]     Checking lock_api v0.3.4
[INFO] [stderr]     Checking walkdir v2.3.1
[INFO] [stderr]     Checking stb_truetype v0.3.1
[INFO] [stderr]    Compiling parking_lot_core v0.6.2
[INFO] [stderr]    Compiling parking_lot v0.9.0
[INFO] [stderr]     Checking smallvec v0.6.13
[INFO] [stderr]     Checking dlib v0.4.2
[INFO] [stderr]    Compiling rand_pcg v0.1.2
[INFO] [stderr]    Compiling rand_chacha v0.1.1
[INFO] [stderr]    Compiling rand v0.6.5
[INFO] [stderr]     Checking draw_state v0.8.0
[INFO] [stderr]     Checking wayland-sys v0.21.13
[INFO] [stderr]     Checking wayland-sys v0.23.6
[INFO] [stderr]    Compiling num-traits v0.2.12
[INFO] [stderr]    Compiling crossbeam-utils v0.7.2
[INFO] [stderr]    Compiling memoffset v0.5.5
[INFO] [stderr]    Compiling crossbeam-epoch v0.8.2
[INFO] [stderr]    Compiling num-integer v0.1.43
[INFO] [stderr]    Compiling rayon v1.4.0
[INFO] [stderr]    Compiling num-iter v0.1.41
[INFO] [stderr]    Compiling hashbrown v0.7.2
[INFO] [stderr]    Compiling gl_generator v0.14.0
[INFO] [stderr]    Compiling wayland-scanner v0.21.13
[INFO] [stderr]    Compiling wayland-scanner v0.23.6
[INFO] [stderr]     Checking nom v5.1.2
[INFO] [stderr]    Compiling x11-dl v2.18.5
[INFO] [stderr]     Checking gfx_core v0.9.2
[INFO] [stderr]     Checking nix v0.14.1
[INFO] [stderr]     Checking iovec v0.1.4
[INFO] [stderr]     Checking net2 v0.2.35
[INFO] [stderr]     Checking memmap v0.7.0
[INFO] [stderr]     Checking num_cpus v1.13.0
[INFO] [stderr]     Checking raw-window-handle v0.3.3
[INFO] [stderr]     Checking shared_library v0.1.9
[INFO] [stderr]     Checking parking_lot_core v0.7.2
[INFO] [stderr]     Checking rand_os v0.1.3
[INFO] [stderr]     Checking time v0.1.44
[INFO] [stderr]     Checking mio v0.6.22
[INFO] [stderr]     Checking osmesa-sys v0.1.2
[INFO] [stderr]     Checking parking_lot v0.10.2
[INFO] [stderr]     Checking crossbeam-channel v0.4.4
[INFO] [stderr]     Checking crossbeam-queue v0.2.3
[INFO] [stderr]     Checking approx v0.3.2
[INFO] [stderr]     Checking ordered-float v1.1.0
[INFO] [stderr]     Checking line_drawing v0.7.0
[INFO] [stderr]    Compiling glutin_egl_sys v0.1.5
[INFO] [stderr]    Compiling glutin_glx_sys v0.1.7
[INFO] [stderr]    Compiling gfx_gl v0.6.1
[INFO] [stderr]    Compiling libloading v0.5.2
[INFO] [stderr]     Checking crossbeam-deque v0.7.3
[INFO] [stderr]     Checking rusttype v0.8.3
[INFO] [stderr]     Checking mio-extras v2.0.6
[INFO] [stderr]     Checking num v0.1.42
[INFO] [stderr]     Checking chrono v0.2.25
[INFO] [stderr]     Checking tynm v0.1.4
[INFO] [stderr]     Checking rusttype v0.7.9
[INFO] [stderr]     Checking andrew v0.2.1
[INFO] [stderr]    Compiling wayland-client v0.21.13
[INFO] [stderr]    Compiling wayland-protocols v0.21.13
[INFO] [stderr]    Compiling wayland-client v0.23.6
[INFO] [stderr]    Compiling wayland-protocols v0.23.6
[INFO] [stderr]     Checking gfx v0.18.2
[INFO] [stderr]     Checking wayland-commons v0.21.13
[INFO] [stderr]     Checking wayland-commons v0.23.6
[INFO] [stderr]     Checking calloop v0.4.4
[INFO] [stderr]     Checking shred v0.10.2
[INFO] [stderr]     Checking hibitset v0.6.3
[INFO] [stderr]     Checking gfx_device_gl v0.16.2
[INFO] [stderr]     Checking specs v0.16.1
[INFO] [stderr]     Checking smithay-client-toolkit v0.6.6
[INFO] [stderr]     Checking smithay-client-toolkit v0.4.6
[INFO] [stderr]     Checking winit v0.22.2
[INFO] [stderr]     Checking winit v0.19.5
[INFO] [stderr]     Checking glutin v0.24.1
[INFO] [stderr]     Checking glutin v0.21.2
[INFO] [stderr]     Checking gfx_window_glutin v0.31.0
[INFO] [stderr]     Checking fun1 v0.1.0 (/opt/rustwide/workdir)
[INFO] [stdout] error[E0432]: unresolved import `cgmath::AffineMatrix3`
[INFO] [stdout]  --> src/prelude.rs:9:29
[INFO] [stdout]   |
[INFO] [stdout] 9 | pub use cgmath::{Transform, AffineMatrix3};
[INFO] [stdout]   |                             ^^^^^^^^^^^^^ no `AffineMatrix3` in the root
[INFO] [stdout] 
[INFO] [stdout] 
[INFO] [stdout] error[E0432]: unresolved import `glutin::ElementState`
[INFO] [stdout]   --> src/prelude.rs:17:9
[INFO] [stdout]    |
[INFO] [stdout] 17 | pub use glutin::ElementState;
[INFO] [stdout]    |         ^^^^^^^^^^^^^^^^^^^^ no `ElementState` in the root
[INFO] [stdout] 
[INFO] [stdout] 
[INFO] [stdout] error[E0432]: unresolved import `specs::RunArg`
[INFO] [stdout]   --> src/prelude.rs:20:9
[INFO] [stdout]    |
[INFO] [stdout] 20 | pub use specs::RunArg;
[INFO] [stdout]    |         ^^^^^^^^^^^^^ no `RunArg` in the root
[INFO] [stdout] 
[INFO] [stdout] 
[INFO] [stdout] error[E0433]: failed to resolve: could not find `tex` in `gfx`
[INFO] [stdout]    --> src/render.rs:153:39
[INFO] [stdout]     |
[INFO] [stdout] 153 |         gfx::tex::Kind::D2(1, 1, gfx::tex::AaMode::Single), &[&texels]
[INFO] [stdout]     |                                       ^^^ could not find `tex` in `gfx`
[INFO] [stdout] 
[INFO] [stdout] 
[INFO] [stdout] error[E0433]: failed to resolve: could not find `tex` in `gfx`
[INFO] [stdout]    --> src/render.rs:157:14
[INFO] [stdout]     |
[INFO] [stdout] 157 |         gfx::tex::FilterMethod::Bilinear,
[INFO] [stdout]     |              ^^^ could not find `tex` in `gfx`
[INFO] [stdout] 
[INFO] [stdout] 
[INFO] [stdout] error[E0433]: failed to resolve: could not find `tex` in `gfx`
[INFO] [stdout]    --> src/render.rs:158:14
[INFO] [stdout]     |
[INFO] [stdout] 158 |         gfx::tex::WrapMode::Clamp);
[INFO] [stdout]     |              ^^^ could not find `tex` in `gfx`
[INFO] [stdout] 
[INFO] [stdout] 
[INFO] [stdout] error[E0433]: failed to resolve: could not find `BufferRole` in `gfx`
[INFO] [stdout]    --> src/render.rs:173:59
[INFO] [stdout]     |
[INFO] [stdout] 173 | ...                   gfx::BufferRole::Vertex,
[INFO] [stdout]     |                            ^^^^^^^^^^ could not find `BufferRole` in `gfx`
[INFO] [stdout] 
[INFO] [stdout] 
[INFO] [stdout] error[E0433]: failed to resolve: could not find `Planner` in `specs`
[INFO] [stdout]    --> src/render.rs:210:16
[INFO] [stdout]     |
[INFO] [stdout] 210 |         specs::Planner::new(w, 4)
[INFO] [stdout]     |                ^^^^^^^ could not find `Planner` in `specs`
[INFO] [stdout] 
[INFO] [stdout] 
[INFO] [stdout] error[E0433]: failed to resolve: could not find `Event` in `glutin`
[INFO] [stdout]    --> src/render.rs:286:25
[INFO] [stdout]     |
[INFO] [stdout] 286 |                 glutin::Event::KeyboardInput(
[INFO] [stdout]     |                         ^^^^^ could not find `Event` in `glutin`
[INFO] [stdout] 
[INFO] [stdout] 
[INFO] [stdout] error[E0433]: failed to resolve: could not find `VirtualKeyCode` in `glutin`
[INFO] [stdout]    --> src/render.rs:287:40
[INFO] [stdout]     |
[INFO] [stdout] 287 |                     s, _, Some(glutin::VirtualKeyCode::W)) => self.wasdqe[0] = s,
[INFO] [stdout]     |                                        ^^^^^^^^^^^^^^ could not find `VirtualKeyCode` in `glutin`
[INFO] [stdout] 
[INFO] [stdout] 
[INFO] [stdout] error[E0433]: failed to resolve: could not find `Event` in `glutin`
[INFO] [stdout]    --> src/render.rs:288:25
[INFO] [stdout]     |
[INFO] [stdout] 288 |                 glutin::Event::KeyboardInput(
[INFO] [stdout]     |                         ^^^^^ could not find `Event` in `glutin`
[INFO] [stdout] 
[INFO] [stdout] 
[INFO] [stdout] error[E0433]: failed to resolve: could not find `VirtualKeyCode` in `glutin`
[INFO] [stdout]    --> src/render.rs:289:40
[INFO] [stdout]     |
[INFO] [stdout] 289 |                     s, _, Some(glutin::VirtualKeyCode::A)) => self.wasdqe[1] = s,
[INFO] [stdout]     |                                        ^^^^^^^^^^^^^^ could not find `VirtualKeyCode` in `glutin`
[INFO] [stdout] 
[INFO] [stdout] 
[INFO] [stdout] error[E0433]: failed to resolve: could not find `Event` in `glutin`
[INFO] [stdout]    --> src/render.rs:290:25
[INFO] [stdout]     |
[INFO] [stdout] 290 |                 glutin::Event::KeyboardInput(
[INFO] [stdout]     |                         ^^^^^ could not find `Event` in `glutin`
[INFO] [stdout] 
[INFO] [stdout] 
[INFO] [stdout] error[E0433]: failed to resolve: could not find `VirtualKeyCode` in `glutin`
[INFO] [stdout]    --> src/render.rs:291:40
[INFO] [stdout]     |
[INFO] [stdout] 291 |                     s, _, Some(glutin::VirtualKeyCode::S)) => self.wasdqe[2] = s,
[INFO] [stdout]     |                                        ^^^^^^^^^^^^^^ could not find `VirtualKeyCode` in `glutin`
[INFO] [stdout] 
[INFO] [stdout] 
[INFO] [stdout] error[E0433]: failed to resolve: could not find `Event` in `glutin`
[INFO] [stdout]    --> src/render.rs:292:25
[INFO] [stdout]     |
[INFO] [stdout] 292 |                 glutin::Event::KeyboardInput(
[INFO] [stdout]     |                         ^^^^^ could not find `Event` in `glutin`
[INFO] [stdout] 
[INFO] [stdout] 
[INFO] [stdout] error[E0433]: failed to resolve: could not find `VirtualKeyCode` in `glutin`
[INFO] [stdout]    --> src/render.rs:293:40
[INFO] [stdout]     |
[INFO] [stdout] 293 |                     s, _, Some(glutin::VirtualKeyCode::D)) => self.wasdqe[3] = s,
[INFO] [stdout]     |                                        ^^^^^^^^^^^^^^ could not find `VirtualKeyCode` in `glutin`
[INFO] [stdout] 
[INFO] [stdout] 
[INFO] [stdout] error[E0433]: failed to resolve: could not find `Event` in `glutin`
[INFO] [stdout]    --> src/render.rs:294:25
[INFO] [stdout]     |
[INFO] [stdout] 294 |                 glutin::Event::KeyboardInput(
[INFO] [stdout]     |                         ^^^^^ could not find `Event` in `glutin`
[INFO] [stdout] 
[INFO] [stdout] 
[INFO] [stdout] error[E0433]: failed to resolve: could not find `VirtualKeyCode` in `glutin`
[INFO] [stdout]    --> src/render.rs:295:40
[INFO] [stdout]     |
[INFO] [stdout] 295 |                     s, _, Some(glutin::VirtualKeyCode::Q)) => self.wasdqe[4] = s,
[INFO] [stdout]     |                                        ^^^^^^^^^^^^^^ could not find `VirtualKeyCode` in `glutin`
[INFO] [stdout] 
[INFO] [stdout] 
[INFO] [stdout] error[E0433]: failed to resolve: could not find `Event` in `glutin`
[INFO] [stdout]    --> src/render.rs:296:25
[INFO] [stdout]     |
[INFO] [stdout] 296 |                 glutin::Event::KeyboardInput(
[INFO] [stdout]     |                         ^^^^^ could not find `Event` in `glutin`
[INFO] [stdout] 
[INFO] [stdout] 
[INFO] [stdout] error[E0433]: failed to resolve: could not find `VirtualKeyCode` in `glutin`
[INFO] [stdout]    --> src/render.rs:297:40
[INFO] [stdout]     |
[INFO] [stdout] 297 |                     s, _, Some(glutin::VirtualKeyCode::E)) => self.wasdqe[5] = s,
[INFO] [stdout]     |                                        ^^^^^^^^^^^^^^ could not find `VirtualKeyCode` in `glutin`
[INFO] [stdout] 
[INFO] [stdout] 
[INFO] [stdout] error[E0433]: failed to resolve: could not find `Event` in `glutin`
[INFO] [stdout]    --> src/render.rs:298:25
[INFO] [stdout]     |
[INFO] [stdout] 298 |                 glutin::Event::MouseWheel(d, _) => match d {
[INFO] [stdout]     |                         ^^^^^ could not find `Event` in `glutin`
[INFO] [stdout] 
[INFO] [stdout] 
[INFO] [stdout] error[E0433]: failed to resolve: could not find `MouseScrollDelta` in `glutin`
[INFO] [stdout]    --> src/render.rs:299:29
[INFO] [stdout]     |
[INFO] [stdout] 299 |                     glutin::MouseScrollDelta::LineDelta(_, s) | glutin::MouseScrollDelta::PixelDelta(_, s) => {
[INFO] [stdout]     |                             ^^^^^^^^^^^^^^^^ could not find `MouseScrollDelta` in `glutin`
[INFO] [stdout] 
[INFO] [stdout] 
[INFO] [stdout] error[E0433]: failed to resolve: could not find `MouseScrollDelta` in `glutin`
[INFO] [stdout]    --> src/render.rs:299:73
[INFO] [stdout]     |
[INFO] [stdout] 299 |                     glutin::MouseScrollDelta::LineDelta(_, s) | glutin::MouseScrollDelta::PixelDelta(_, s) => {
[INFO] [stdout]     |                                                                         ^^^^^^^^^^^^^^^^ could not find `MouseScrollDelta` in `glutin`
[INFO] [stdout] 
[INFO] [stdout] 
[INFO] [stdout] error[E0433]: failed to resolve: could not find `Event` in `glutin`
[INFO] [stdout]    --> src/render.rs:368:29
[INFO] [stdout]     |
[INFO] [stdout] 368 |                     glutin::Event::KeyboardInput(
[INFO] [stdout]     |                             ^^^^^ could not find `Event` in `glutin`
[INFO] [stdout] 
[INFO] [stdout] 
[INFO] [stdout] error[E0433]: failed to resolve: could not find `VirtualKeyCode` in `glutin`
[INFO] [stdout]    --> src/render.rs:371:38
[INFO] [stdout]     |
[INFO] [stdout] 371 |                         Some(glutin::VirtualKeyCode::Escape)
[INFO] [stdout]     |                                      ^^^^^^^^^^^^^^ could not find `VirtualKeyCode` in `glutin`
[INFO] [stdout] 
[INFO] [stdout] 
[INFO] [stdout] error[E0433]: failed to resolve: could not find `Event` in `glutin`
[INFO] [stdout]    --> src/render.rs:373:31
[INFO] [stdout]     |
[INFO] [stdout] 373 |                     | glutin::Event::Closed => running = false,
[INFO] [stdout]     |                               ^^^^^ could not find `Event` in `glutin`
[INFO] [stdout] 
[INFO] [stdout] 
[INFO] [stdout] error[E0433]: failed to resolve: could not find `WindowBuilder` in `glutin`
[INFO] [stdout]    --> src/render.rs:130:27
[INFO] [stdout]     |
[INFO] [stdout] 130 |     let builder = glutin::WindowBuilder::new()
[INFO] [stdout]     |                           ^^^^^^^^^^^^^ not found in `glutin`
[INFO] [stdout]     |
[INFO] [stdout] help: consider importing this struct
[INFO] [stdout]     |
[INFO] [stdout] 1   | use glutin::window::WindowBuilder;
[INFO] [stdout]     |
[INFO] [stdout] 
[INFO] [stdout] 
[INFO] [stdout] error[E0433]: failed to resolve: could not find `tex` in `gfx`
[INFO] [stdout]    --> src/render.rs:153:19
[INFO] [stdout]     |
[INFO] [stdout] 153 |         gfx::tex::Kind::D2(1, 1, gfx::tex::AaMode::Single), &[&texels]
[INFO] [stdout]     |                   ^^^^ not found in `gfx::tex`
[INFO] [stdout]     |
[INFO] [stdout] help: consider importing this enum
[INFO] [stdout]     |
[INFO] [stdout] 1   | use gfx::texture::Kind;
[INFO] [stdout]     |
[INFO] [stdout] 
[INFO] [stdout] 
[INFO] [stdout] error[E0433]: failed to resolve: could not find `tex` in `gfx`
[INFO] [stdout]    --> src/render.rs:156:27
[INFO] [stdout]     |
[INFO] [stdout] 156 |     let sinfo = gfx::tex::SamplerInfo::new(
[INFO] [stdout]     |                           ^^^^^^^^^^^ not found in `gfx::tex`
[INFO] [stdout]     |
[INFO] [stdout] help: consider importing this struct
[INFO] [stdout]     |
[INFO] [stdout] 1   | use gfx::texture::SamplerInfo;
[INFO] [stdout]     |
[INFO] [stdout] 
[INFO] [stdout] 
[INFO] [stdout] error[E0425]: cannot find function `deg` in crate `cgmath`
[INFO] [stdout]    --> src/render.rs:166:44
[INFO] [stdout]     |
[INFO] [stdout] 166 |     let proj = cgmath::perspective(cgmath::deg(45.0f32), 4.0/3.0, 1.0, 1000.0);
[INFO] [stdout]     |                                            ^^^ help: a tuple struct with a similar name exists: `Deg`
[INFO] [stdout]     | 
[INFO] [stdout]    ::: /opt/rustwide/cargo-home/registry/src/github.com-1ecc6299db9ec823/cgmath-0.17.0/src/angle.rs:47:1
[INFO] [stdout]     |
[INFO] [stdout] 47  | pub struct Deg<S>(pub S);
[INFO] [stdout]     | ------------------------- similarly named tuple struct `Deg` defined here
[INFO] [stdout] 
[INFO] [stdout] 
[INFO] [stdout] error[E0433]: failed to resolve: could not find `Bind` in `gfx`
[INFO] [stdout]    --> src/render.rs:174:59
[INFO] [stdout]     |
[INFO] [stdout] 174 | ...                   gfx::Bind::empty()).unwrap();
[INFO] [stdout]     |                            ^^^^ not found in `gfx`
[INFO] [stdout]     |
[INFO] [stdout] help: consider importing this struct
[INFO] [stdout]     |
[INFO] [stdout] 1   | use gfx::memory::Bind;
[INFO] [stdout]     |
[INFO] [stdout] 
[INFO] [stdout] 
[INFO] [stdout] error[E0412]: cannot find type `Event` in crate `glutin`
[INFO] [stdout]    --> src/render.rs:279:46
[INFO] [stdout]     |
[INFO] [stdout] 279 |         fn handle(&mut self, event: &glutin::Event) {
[INFO] [stdout]     |                                              ^^^^^ not found in `glutin`
[INFO] [stdout]     |
[INFO] [stdout] help: consider importing one of these items
[INFO] [stdout]     |
[INFO] [stdout] 1   | use glutin::event::Event;
[INFO] [stdout]     |
[INFO] [stdout] 1   | use specs::shrev::Event;
[INFO] [stdout]     |
[INFO] [stdout] 
[INFO] [stdout] 
[INFO] [stdout] error[E0432]: unresolved import `cgmath::AffineMatrix3`
[INFO] [stdout]  --> src/prelude.rs:9:29
[INFO] [stdout]   |
[INFO] [stdout] 9 | pub use cgmath::{Transform, AffineMatrix3};
[INFO] [stdout]   |                             ^^^^^^^^^^^^^ no `AffineMatrix3` in the root
[INFO] [stdout] 
[INFO] [stdout] 
[INFO] [stdout] error[E0432]: unresolved import `glutin::ElementState`
[INFO] [stdout]   --> src/prelude.rs:17:9
[INFO] [stdout]    |
[INFO] [stdout] 17 | pub use glutin::ElementState;
[INFO] [stdout]    |         ^^^^^^^^^^^^^^^^^^^^ no `ElementState` in the root
[INFO] [stdout] 
[INFO] [stdout] 
[INFO] [stdout] error[E0432]: unresolved import `specs::RunArg`
[INFO] [stdout]   --> src/prelude.rs:20:9
[INFO] [stdout]    |
[INFO] [stdout] 20 | pub use specs::RunArg;
[INFO] [stdout]    |         ^^^^^^^^^^^^^ no `RunArg` in the root
[INFO] [stdout] 
[INFO] [stdout] 
[INFO] [stdout] error[E0726]: implicit elided lifetime not allowed here
[INFO] [stdout]  --> src/systems.rs:9:6
[INFO] [stdout]   |
[INFO] [stdout] 9 | impl specs::System<Context> for ::render::Render {
[INFO] [stdout]   |      ^^^^^^^^^^^^^^^^^^^^^^ help: indicate the anonymous lifetime: `specs::System<'_, Context>`
[INFO] [stdout] 
[INFO] [stdout] 
[INFO] [stdout] error[E0726]: implicit elided lifetime not allowed here
[INFO] [stdout]   --> src/systems.rs:48:6
[INFO] [stdout]    |
[INFO] [stdout] 48 | impl specs::System<Context> for Mover {
[INFO] [stdout]    |      ^^^^^^^^^^^^^^^^^^^^^^ help: indicate the anonymous lifetime: `specs::System<'_, Context>`
[INFO] [stdout] 
[INFO] [stdout] 
[INFO] [stdout] warning: the item `InnerSpace` is imported redundantly
[INFO] [stdout]   --> src/systems.rs:55:17
[INFO] [stdout]    |
[INFO] [stdout] 1  | use prelude::*;
[INFO] [stdout]    |     ---------- the item `InnerSpace` is already imported here
[INFO] [stdout] ...
[INFO] [stdout] 55 |             use cgmath::InnerSpace;
[INFO] [stdout]    |                 ^^^^^^^^^^^^^^^^^^
[INFO] [stdout]    |
[INFO] [stdout]    = note: `#[warn(unused_imports)]` on by default
[INFO] [stdout] 
[INFO] [stdout] 
[INFO] [stdout] error[E0433]: failed to resolve: could not find `tex` in `gfx`
[INFO] [stdout]    --> src/render.rs:153:39
[INFO] [stdout]     |
[INFO] [stdout] 153 |         gfx::tex::Kind::D2(1, 1, gfx::tex::AaMode::Single), &[&texels]
[INFO] [stdout]     |                                       ^^^ could not find `tex` in `gfx`
[INFO] [stdout] 
[INFO] [stdout] 
[INFO] [stdout] error[E0107]: wrong number of type arguments: expected 0, found 1
[INFO] [stdout]  --> src/systems.rs:9:20
[INFO] [stdout]   |
[INFO] [stdout] 9 | impl specs::System<Context> for ::render::Render {
[INFO] [stdout]   |                    ^^^^^^^ unexpected type argument
[INFO] [stdout] 
[INFO] [stdout] 
[INFO] [stdout] error[E0433]: failed to resolve: could not find `tex` in `gfx`
[INFO] [stdout]    --> src/render.rs:157:14
[INFO] [stdout]     |
[INFO] [stdout] 157 |         gfx::tex::FilterMethod::Bilinear,
[INFO] [stdout]     |              ^^^ could not find `tex` in `gfx`
[INFO] [stdout] 
[INFO] [stdout] 
[INFO] [stdout] error[E0107]: wrong number of type arguments: expected 0, found 1
[INFO] [stdout]   --> src/systems.rs:48:20
[INFO] [stdout]    |
[INFO] [stdout] 48 | impl specs::System<Context> for Mover {
[INFO] [stdout]    |                    ^^^^^^^ unexpected type argument
[INFO] [stdout] 
[INFO] [stdout] 
[INFO] [stdout] error[E0433]: failed to resolve: could not find `tex` in `gfx`
[INFO] [stdout]    --> src/render.rs:158:14
[INFO] [stdout]     |
[INFO] [stdout] 158 |         gfx::tex::WrapMode::Clamp);
[INFO] [stdout]     |              ^^^ could not find `tex` in `gfx`
[INFO] [stdout] 
[INFO] [stdout] 
[INFO] [stdout] error[E0433]: failed to resolve: could not find `BufferRole` in `gfx`
[INFO] [stdout]    --> src/render.rs:173:59
[INFO] [stdout]     |
[INFO] [stdout] 173 | ...                   gfx::BufferRole::Vertex,
[INFO] [stdout]     |                            ^^^^^^^^^^ could not find `BufferRole` in `gfx`
[INFO] [stdout] 
[INFO] [stdout] 
[INFO] [stdout] error[E0433]: failed to resolve: could not find `Planner` in `specs`
[INFO] [stdout]    --> src/render.rs:210:16
[INFO] [stdout]     |
[INFO] [stdout] 210 |         specs::Planner::new(w, 4)
[INFO] [stdout]     |                ^^^^^^^ could not find `Planner` in `specs`
[INFO] [stdout] 
[INFO] [stdout] 
[INFO] [stdout] error[E0433]: failed to resolve: could not find `Event` in `glutin`
[INFO] [stdout]    --> src/render.rs:286:25
[INFO] [stdout]     |
[INFO] [stdout] 286 |                 glutin::Event::KeyboardInput(
[INFO] [stdout]     |                         ^^^^^ could not find `Event` in `glutin`
[INFO] [stdout] 
[INFO] [stdout] 
[INFO] [stdout] error[E0433]: failed to resolve: could not find `VirtualKeyCode` in `glutin`
[INFO] [stdout]    --> src/render.rs:287:40
[INFO] [stdout]     |
[INFO] [stdout] 287 |                     s, _, Some(glutin::VirtualKeyCode::W)) => self.wasdqe[0] = s,
[INFO] [stdout]     |                                        ^^^^^^^^^^^^^^ could not find `VirtualKeyCode` in `glutin`
[INFO] [stdout] 
[INFO] [stdout] 
[INFO] [stdout] error[E0433]: failed to resolve: could not find `Event` in `glutin`
[INFO] [stdout]    --> src/render.rs:288:25
[INFO] [stdout]     |
[INFO] [stdout] 288 |                 glutin::Event::KeyboardInput(
[INFO] [stdout]     |                         ^^^^^ could not find `Event` in `glutin`
[INFO] [stdout] 
[INFO] [stdout] 
[INFO] [stdout] error[E0433]: failed to resolve: could not find `VirtualKeyCode` in `glutin`
[INFO] [stdout]    --> src/render.rs:289:40
[INFO] [stdout]     |
[INFO] [stdout] 289 |                     s, _, Some(glutin::VirtualKeyCode::A)) => self.wasdqe[1] = s,
[INFO] [stdout]     |                                        ^^^^^^^^^^^^^^ could not find `VirtualKeyCode` in `glutin`
[INFO] [stdout] 
[INFO] [stdout] 
[INFO] [stdout] error[E0433]: failed to resolve: could not find `Event` in `glutin`
[INFO] [stdout]    --> src/render.rs:290:25
[INFO] [stdout]     |
[INFO] [stdout] 290 |                 glutin::Event::KeyboardInput(
[INFO] [stdout]     |                         ^^^^^ could not find `Event` in `glutin`
[INFO] [stdout] 
[INFO] [stdout] 
[INFO] [stdout] error[E0433]: failed to resolve: could not find `VirtualKeyCode` in `glutin`
[INFO] [stdout]    --> src/render.rs:291:40
[INFO] [stdout]     |
[INFO] [stdout] 291 |                     s, _, Some(glutin::VirtualKeyCode::S)) => self.wasdqe[2] = s,
[INFO] [stdout]     |                                        ^^^^^^^^^^^^^^ could not find `VirtualKeyCode` in `glutin`
[INFO] [stdout] 
[INFO] [stdout] 
[INFO] [stdout] error[E0433]: failed to resolve: could not find `Event` in `glutin`
[INFO] [stdout]    --> src/render.rs:292:25
[INFO] [stdout]     |
[INFO] [stdout] 292 |                 glutin::Event::KeyboardInput(
[INFO] [stdout]     |                         ^^^^^ could not find `Event` in `glutin`
[INFO] [stdout] 
[INFO] [stdout] 
[INFO] [stdout] error[E0433]: failed to resolve: could not find `VirtualKeyCode` in `glutin`
[INFO] [stdout]    --> src/render.rs:293:40
[INFO] [stdout]     |
[INFO] [stdout] 293 |                     s, _, Some(glutin::VirtualKeyCode::D)) => self.wasdqe[3] = s,
[INFO] [stdout]     |                                        ^^^^^^^^^^^^^^ could not find `VirtualKeyCode` in `glutin`
[INFO] [stdout] 
[INFO] [stdout] 
[INFO] [stdout] error[E0433]: failed to resolve: could not find `Event` in `glutin`
[INFO] [stdout]    --> src/render.rs:294:25
[INFO] [stdout]     |
[INFO] [stdout] 294 |                 glutin::Event::KeyboardInput(
[INFO] [stdout]     |                         ^^^^^ could not find `Event` in `glutin`
[INFO] [stdout] 
[INFO] [stdout] 
[INFO] [stdout] error[E0433]: failed to resolve: could not find `VirtualKeyCode` in `glutin`
[INFO] [stdout]    --> src/render.rs:295:40
[INFO] [stdout]     |
[INFO] [stdout] 295 |                     s, _, Some(glutin::VirtualKeyCode::Q)) => self.wasdqe[4] = s,
[INFO] [stdout]     |                                        ^^^^^^^^^^^^^^ could not find `VirtualKeyCode` in `glutin`
[INFO] [stdout] 
[INFO] [stdout] 
[INFO] [stdout] error[E0433]: failed to resolve: could not find `Event` in `glutin`
[INFO] [stdout]    --> src/render.rs:296:25
[INFO] [stdout]     |
[INFO] [stdout] 296 |                 glutin::Event::KeyboardInput(
[INFO] [stdout]     |                         ^^^^^ could not find `Event` in `glutin`
[INFO] [stdout] 
[INFO] [stdout] 
[INFO] [stdout] error[E0433]: failed to resolve: could not find `VirtualKeyCode` in `glutin`
[INFO] [stdout]    --> src/render.rs:297:40
[INFO] [stdout]     |
[INFO] [stdout] 297 |                     s, _, Some(glutin::VirtualKeyCode::E)) => self.wasdqe[5] = s,
[INFO] [stdout]     |                                        ^^^^^^^^^^^^^^ could not find `VirtualKeyCode` in `glutin`
[INFO] [stdout] 
[INFO] [stdout] 
[INFO] [stdout] error[E0433]: failed to resolve: could not find `Event` in `glutin`
[INFO] [stdout]    --> src/render.rs:298:25
[INFO] [stdout]     |
[INFO] [stdout] 298 |                 glutin::Event::MouseWheel(d, _) => match d {
[INFO] [stdout]     |                         ^^^^^ could not find `Event` in `glutin`
[INFO] [stdout] 
[INFO] [stdout] 
[INFO] [stdout] error[E0433]: failed to resolve: could not find `MouseScrollDelta` in `glutin`
[INFO] [stdout]    --> src/render.rs:299:29
[INFO] [stdout]     |
[INFO] [stdout] 299 |                     glutin::MouseScrollDelta::LineDelta(_, s) | glutin::MouseScrollDelta::PixelDelta(_, s) => {
[INFO] [stdout]     |                             ^^^^^^^^^^^^^^^^ could not find `MouseScrollDelta` in `glutin`
[INFO] [stdout] 
[INFO] [stdout] 
[INFO] [stdout] error[E0433]: failed to resolve: could not find `MouseScrollDelta` in `glutin`
[INFO] [stdout]    --> src/render.rs:299:73
[INFO] [stdout]     |
[INFO] [stdout] 299 |                     glutin::MouseScrollDelta::LineDelta(_, s) | glutin::MouseScrollDelta::PixelDelta(_, s) => {
[INFO] [stdout]     |                                                                         ^^^^^^^^^^^^^^^^ could not find `MouseScrollDelta` in `glutin`
[INFO] [stdout] 
[INFO] [stdout] 
[INFO] [stdout] error[E0433]: failed to resolve: could not find `Event` in `glutin`
[INFO] [stdout]    --> src/render.rs:368:29
[INFO] [stdout]     |
[INFO] [stdout] 368 |                     glutin::Event::KeyboardInput(
[INFO] [stdout]     |                             ^^^^^ could not find `Event` in `glutin`
[INFO] [stdout] 
[INFO] [stdout] 
[INFO] [stdout] error[E0433]: failed to resolve: could not find `VirtualKeyCode` in `glutin`
[INFO] [stdout]    --> src/render.rs:371:38
[INFO] [stdout]     |
[INFO] [stdout] 371 |                         Some(glutin::VirtualKeyCode::Escape)
[INFO] [stdout]     |                                      ^^^^^^^^^^^^^^ could not find `VirtualKeyCode` in `glutin`
[INFO] [stdout] 
[INFO] [stdout] 
[INFO] [stdout] error[E0433]: failed to resolve: could not find `Event` in `glutin`
[INFO] [stdout]    --> src/render.rs:373:31
[INFO] [stdout]     |
[INFO] [stdout] 373 |                     | glutin::Event::Closed => running = false,
[INFO] [stdout]     |                               ^^^^^ could not find `Event` in `glutin`
[INFO] [stdout] 
[INFO] [stdout] 
[INFO] [stdout] error[E0433]: failed to resolve: could not find `WindowBuilder` in `glutin`
[INFO] [stdout]    --> src/render.rs:130:27
[INFO] [stdout]     |
[INFO] [stdout] 130 |     let builder = glutin::WindowBuilder::new()
[INFO] [stdout]     |                           ^^^^^^^^^^^^^ not found in `glutin`
[INFO] [stdout]     |
[INFO] [stdout] help: consider importing this struct
[INFO] [stdout]     |
[INFO] [stdout] 1   | use glutin::window::WindowBuilder;
[INFO] [stdout]     |
[INFO] [stdout] 
[INFO] [stdout] 
[INFO] [stdout] error[E0433]: failed to resolve: could not find `tex` in `gfx`
[INFO] [stdout]    --> src/render.rs:153:19
[INFO] [stdout]     |
[INFO] [stdout] 153 |         gfx::tex::Kind::D2(1, 1, gfx::tex::AaMode::Single), &[&texels]
[INFO] [stdout]     |                   ^^^^ not found in `gfx::tex`
[INFO] [stdout]     |
[INFO] [stdout] help: consider importing this enum
[INFO] [stdout]     |
[INFO] [stdout] 1   | use gfx::texture::Kind;
[INFO] [stdout]     |
[INFO] [stdout] 
[INFO] [stdout] 
[INFO] [stdout] error[E0433]: failed to resolve: could not find `tex` in `gfx`
[INFO] [stdout]    --> src/render.rs:156:27
[INFO] [stdout]     |
[INFO] [stdout] 156 |     let sinfo = gfx::tex::SamplerInfo::new(
[INFO] [stdout]     |                           ^^^^^^^^^^^ not found in `gfx::tex`
[INFO] [stdout]     |
[INFO] [stdout] help: consider importing this struct
[INFO] [stdout]     |
[INFO] [stdout] 1   | use gfx::texture::SamplerInfo;
[INFO] [stdout]     |
[INFO] [stdout] 
[INFO] [stdout] 
[INFO] [stdout] error[E0425]: cannot find function `deg` in crate `cgmath`
[INFO] [stdout]    --> src/render.rs:166:44
[INFO] [stdout]     |
[INFO] [stdout] 166 |     let proj = cgmath::perspective(cgmath::deg(45.0f32), 4.0/3.0, 1.0, 1000.0);
[INFO] [stdout]     |                                            ^^^ help: a tuple struct with a similar name exists: `Deg`
[INFO] [stdout]     | 
[INFO] [stdout]    ::: /opt/rustwide/cargo-home/registry/src/github.com-1ecc6299db9ec823/cgmath-0.17.0/src/angle.rs:47:1
[INFO] [stdout]     |
[INFO] [stdout] 47  | pub struct Deg<S>(pub S);
[INFO] [stdout]     | ------------------------- similarly named tuple struct `Deg` defined here
[INFO] [stdout] 
[INFO] [stdout] 
[INFO] [stdout] error[E0433]: failed to resolve: could not find `Bind` in `gfx`
[INFO] [stdout]    --> src/render.rs:174:59
[INFO] [stdout]     |
[INFO] [stdout] 174 | ...                   gfx::Bind::empty()).unwrap();
[INFO] [stdout]     |                            ^^^^ not found in `gfx`
[INFO] [stdout]     |
[INFO] [stdout] help: consider importing this struct
[INFO] [stdout]     |
[INFO] [stdout] 1   | use gfx::memory::Bind;
[INFO] [stdout]     |
[INFO] [stdout] 
[INFO] [stdout] 
[INFO] [stdout] error[E0412]: cannot find type `Event` in crate `glutin`
[INFO] [stdout]    --> src/render.rs:279:46
[INFO] [stdout]     |
[INFO] [stdout] 279 |         fn handle(&mut self, event: &glutin::Event) {
[INFO] [stdout]     |                                              ^^^^^ not found in `glutin`
[INFO] [stdout]     |
[INFO] [stdout] help: consider importing one of these items
[INFO] [stdout]     |
[INFO] [stdout] 1   | use glutin::event::Event;
[INFO] [stdout]     |
[INFO] [stdout] 1   | use specs::shrev::Event;
[INFO] [stdout]     |
[INFO] [stdout] 
[INFO] [stdout] 
[INFO] [stdout] error[E0726]: implicit elided lifetime not allowed here
[INFO] [stdout]  --> src/systems.rs:9:6
[INFO] [stdout]   |
[INFO] [stdout] 9 | impl specs::System<Context> for ::render::Render {
[INFO] [stdout]   |      ^^^^^^^^^^^^^^^^^^^^^^ help: indicate the anonymous lifetime: `specs::System<'_, Context>`
[INFO] [stdout] 
[INFO] [stdout] 
[INFO] [stdout] error[E0726]: implicit elided lifetime not allowed here
[INFO] [stdout]   --> src/systems.rs:48:6
[INFO] [stdout]    |
[INFO] [stdout] 48 | impl specs::System<Context> for Mover {
[INFO] [stdout]    |      ^^^^^^^^^^^^^^^^^^^^^^ help: indicate the anonymous lifetime: `specs::System<'_, Context>`
[INFO] [stdout] 
[INFO] [stdout] 
[INFO] [stdout] warning: the item `InnerSpace` is imported redundantly
[INFO] [stdout]   --> src/systems.rs:55:17
[INFO] [stdout]    |
[INFO] [stdout] 1  | use prelude::*;
[INFO] [stdout]    |     ---------- the item `InnerSpace` is already imported here
[INFO] [stdout] ...
[INFO] [stdout] 55 |             use cgmath::InnerSpace;
[INFO] [stdout]    |                 ^^^^^^^^^^^^^^^^^^
[INFO] [stdout]    |
[INFO] [stdout]    = note: `#[warn(unused_imports)]` on by default
[INFO] [stdout] 
[INFO] [stdout] 
[INFO] [stdout] error[E0107]: wrong number of type arguments: expected 0, found 1
[INFO] [stdout]  --> src/systems.rs:9:20
[INFO] [stdout]   |
[INFO] [stdout] 9 | impl specs::System<Context> for ::render::Render {
[INFO] [stdout]   |                    ^^^^^^^ unexpected type argument
[INFO] [stdout] 
[INFO] [stdout] 
[INFO] [stdout] error[E0107]: wrong number of type arguments: expected 0, found 1
[INFO] [stdout]   --> src/systems.rs:48:20
[INFO] [stdout]    |
[INFO] [stdout] 48 | impl specs::System<Context> for Mover {
[INFO] [stdout]    |                    ^^^^^^^ unexpected type argument
[INFO] [stdout] 
[INFO] [stdout] 
[INFO] [stdout] error[E0050]: method `run` has 3 parameters but the declaration in trait `specs::System::run` has 2
[INFO] [stdout]   --> src/systems.rs:10:12
[INFO] [stdout]    |
[INFO] [stdout] 10 |     fn run(&mut self, arg: RunArg, _: Context) {
[INFO] [stdout]    |            ^^^^^^^^^^^^^^^^^^^^^^^^^^^^^^^^^^ expected 2 parameters, found 3
[INFO] [stdout]    |
[INFO] [stdout]    = note: `run` from trait: `fn(&mut Self, <Self as specs::System<'a>>::SystemData)`
[INFO] [stdout] 
[INFO] [stdout] 
[INFO] [stdout] error[E0046]: not all trait items implemented, missing: `SystemData`
[INFO] [stdout]  --> src/systems.rs:9:1
[INFO] [stdout]   |
[INFO] [stdout] 9 | impl specs::System<Context> for ::render::Render {
[INFO] [stdout]   | ^^^^^^^^^^^^^^^^^^^^^^^^^^^^^^^^^^^^^^^^^^^^^^^^ missing `SystemData` in implementation
[INFO] [stdout]   |
[INFO] [stdout]   = help: implement the missing item: `type SystemData = Type;`
[INFO] [stdout] 
[INFO] [stdout] 
[INFO] [stdout] error[E0050]: method `run` has 3 parameters but the declaration in trait `specs::System::run` has 2
[INFO] [stdout]   --> src/systems.rs:49:12
[INFO] [stdout]    |
[INFO] [stdout] 49 |     fn run(&mut self, arg: RunArg, _: Context) {
[INFO] [stdout]    |            ^^^^^^^^^^^^^^^^^^^^^^^^^^^^^^^^^^ expected 2 parameters, found 3
[INFO] [stdout]    |
[INFO] [stdout]    = note: `run` from trait: `fn(&mut Self, <Self as specs::System<'a>>::SystemData)`
[INFO] [stdout] 
[INFO] [stdout] 
[INFO] [stdout] error[E0046]: not all trait items implemented, missing: `SystemData`
[INFO] [stdout]   --> src/systems.rs:48:1
[INFO] [stdout]    |
[INFO] [stdout] 48 | impl specs::System<Context> for Mover {
[INFO] [stdout]    | ^^^^^^^^^^^^^^^^^^^^^^^^^^^^^^^^^^^^^ missing `SystemData` in implementation
[INFO] [stdout]    |
[INFO] [stdout]    = help: implement the missing item: `type SystemData = Type;`
[INFO] [stdout] 
[INFO] [stdout] 
[INFO] [stdout] error[E0050]: method `run` has 3 parameters but the declaration in trait `specs::System::run` has 2
[INFO] [stdout]   --> src/systems.rs:10:12
[INFO] [stdout]    |
[INFO] [stdout] 10 |     fn run(&mut self, arg: RunArg, _: Context) {
[INFO] [stdout]    |            ^^^^^^^^^^^^^^^^^^^^^^^^^^^^^^^^^^ expected 2 parameters, found 3
[INFO] [stdout]    |
[INFO] [stdout]    = note: `run` from trait: `fn(&mut Self, <Self as specs::System<'a>>::SystemData)`
[INFO] [stdout] 
[INFO] [stdout] 
[INFO] [stdout] error[E0046]: not all trait items implemented, missing: `SystemData`
[INFO] [stdout]  --> src/systems.rs:9:1
[INFO] [stdout]   |
[INFO] [stdout] 9 | impl specs::System<Context> for ::render::Render {
[INFO] [stdout]   | ^^^^^^^^^^^^^^^^^^^^^^^^^^^^^^^^^^^^^^^^^^^^^^^^ missing `SystemData` in implementation
[INFO] [stdout]   |
[INFO] [stdout]   = help: implement the missing item: `type SystemData = Type;`
[INFO] [stdout] 
[INFO] [stdout] 
[INFO] [stdout] error[E0050]: method `run` has 3 parameters but the declaration in trait `specs::System::run` has 2
[INFO] [stdout]   --> src/systems.rs:49:12
[INFO] [stdout]    |
[INFO] [stdout] 49 |     fn run(&mut self, arg: RunArg, _: Context) {
[INFO] [stdout]    |            ^^^^^^^^^^^^^^^^^^^^^^^^^^^^^^^^^^ expected 2 parameters, found 3
[INFO] [stdout]    |
[INFO] [stdout]    = note: `run` from trait: `fn(&mut Self, <Self as specs::System<'a>>::SystemData)`
[INFO] [stdout] 
[INFO] [stdout] 
[INFO] [stdout] error[E0046]: not all trait items implemented, missing: `SystemData`
[INFO] [stdout]   --> src/systems.rs:48:1
[INFO] [stdout]    |
[INFO] [stdout] 48 | impl specs::System<Context> for Mover {
[INFO] [stdout]    | ^^^^^^^^^^^^^^^^^^^^^^^^^^^^^^^^^^^^^ missing `SystemData` in implementation
[INFO] [stdout]    |
[INFO] [stdout]    = help: implement the missing item: `type SystemData = Type;`
[INFO] [stdout] 
[INFO] [stdout] 
[INFO] [stdout] error[E0599]: no method named `iter` found for tuple `(&_, &_)` in the current scope
[INFO] [stdout]   --> src/systems.rs:28:47
[INFO] [stdout]    |
[INFO] [stdout] 28 |         for (_eid, pos) in (&entities, &poss).iter() {
[INFO] [stdout]    |                                               ^^^^ method not found in `(&_, &_)`
[INFO] [stdout] 
[INFO] [stdout] 
[INFO] [stdout] error[E0599]: no method named `iter` found for tuple `(&_, &mut _, &_)` in the current scope
[INFO] [stdout]   --> src/systems.rs:54:63
[INFO] [stdout]    |
[INFO] [stdout] 54 |         for (_eid, a, b) in (&entities, &mut poss, &move_tos).iter() {
[INFO] [stdout]    |                                                               ^^^^ method not found in `(&_, &mut _, &_)`
[INFO] [stdout] 
[INFO] [stdout] 
[INFO] [stdout] error[E0061]: this function takes 3 arguments but 1 argument was supplied
[INFO] [stdout]    --> src/render.rs:137:9
[INFO] [stdout]     |
[INFO] [stdout] 137 |         gfx_window_glutin::init::<ColorFormat, DepthFormat>(builder);
[INFO] [stdout]     |         ^^^^^^^^^^^^^^^^^^^^^^^^^^^^^^^^^^^^^^^^^^^^^^^^^^^ ------- supplied 1 argument
[INFO] [stdout]     |         |
[INFO] [stdout]     |         expected 3 arguments
[INFO] [stdout] 
[INFO] [stdout] 
[INFO] [stdout] error[E0308]: mismatched types
[INFO] [stdout]    --> src/render.rs:136:9
[INFO] [stdout]     |
[INFO] [stdout] 136 |     let (window, mut device, mut factory, main_color, main_depth) =
[INFO] [stdout]     |         ^^^^^^^^^^^^^^^^^^^^^^^^^^^^^^^^^^^^^^^^^^^^^^^^^^^^^^^^^ expected enum `std::result::Result`, found tuple
[INFO] [stdout] 137 |         gfx_window_glutin::init::<ColorFormat, DepthFormat>(builder);
[INFO] [stdout]     |         ------------------------------------------------------------ this expression has type `std::result::Result<(glutin::windowed::ContextWrapper<glutin::context::PossiblyCurrent, winit::Window>, gfx_device_gl::Device, gfx_device_gl::Factory, RenderTargetView<gfx_device_gl::Resources, (gfx::format::R8_G8_B8_A8, gfx::format::Unorm)>, DepthStencilView<gfx_device_gl::Resources, (gfx::format::D24_S8, gfx::format::Unorm)>), glutin::CreationError>`
[INFO] [stdout]     |
[INFO] [stdout]     = note: expected enum `std::result::Result<(glutin::windowed::ContextWrapper<glutin::context::PossiblyCurrent, winit::Window>, gfx_device_gl::Device, gfx_device_gl::Factory, RenderTargetView<gfx_device_gl::Resources, (gfx::format::R8_G8_B8_A8, gfx::format::Unorm)>, DepthStencilView<gfx_device_gl::Resources, (gfx::format::D24_S8, gfx::format::Unorm)>), glutin::CreationError>`
[INFO] [stdout]               found tuple `(_, _, _, _, _)`
[INFO] [stdout] 
[INFO] [stdout] 
[INFO] [stdout] error[E0599]: no function or associated item named `new` found for struct `World` in the current scope
[INFO] [stdout]    --> src/render.rs:189:35
[INFO] [stdout]     |
[INFO] [stdout] 189 |         let mut w = specs::World::new();
[INFO] [stdout]     |                                   ^^^ function or associated item not found in `World`
[INFO] [stdout]     |
[INFO] [stdout]     = help: items from traits can only be used if the trait is in scope
[INFO] [stdout]     = note: the following trait is implemented but not in scope; perhaps add a `use` for it:
[INFO] [stdout]             `use specs::WorldExt;`
[INFO] [stdout] 
[INFO] [stdout] 
[INFO] [stdout] error[E0599]: no method named `iter` found for tuple `(&_, &_)` in the current scope
[INFO] [stdout]   --> src/systems.rs:28:47
[INFO] [stdout]    |
[INFO] [stdout] 28 |         for (_eid, pos) in (&entities, &poss).iter() {
[INFO] [stdout]    |                                               ^^^^ method not found in `(&_, &_)`
[INFO] [stdout] 
[INFO] [stdout] 
[INFO] [stdout] error[E0599]: no method named `iter` found for tuple `(&_, &mut _, &_)` in the current scope
[INFO] [stdout]   --> src/systems.rs:54:63
[INFO] [stdout]    |
[INFO] [stdout] 54 |         for (_eid, a, b) in (&entities, &mut poss, &move_tos).iter() {
[INFO] [stdout]    |                                                               ^^^^ method not found in `(&_, &mut _, &_)`
[INFO] [stdout] 
[INFO] [stdout] 
[INFO] [stdout] error[E0061]: this function takes 3 arguments but 1 argument was supplied
[INFO] [stdout]    --> src/render.rs:137:9
[INFO] [stdout]     |
[INFO] [stdout] 137 |         gfx_window_glutin::init::<ColorFormat, DepthFormat>(builder);
[INFO] [stdout]     |         ^^^^^^^^^^^^^^^^^^^^^^^^^^^^^^^^^^^^^^^^^^^^^^^^^^^ ------- supplied 1 argument
[INFO] [stdout]     |         |
[INFO] [stdout]     |         expected 3 arguments
[INFO] [stdout] 
[INFO] [stdout] 
[INFO] [stdout] error[E0308]: mismatched types
[INFO] [stdout]    --> src/render.rs:136:9
[INFO] [stdout]     |
[INFO] [stdout] 136 |     let (window, mut device, mut factory, main_color, main_depth) =
[INFO] [stdout]     |         ^^^^^^^^^^^^^^^^^^^^^^^^^^^^^^^^^^^^^^^^^^^^^^^^^^^^^^^^^ expected enum `std::result::Result`, found tuple
[INFO] [stdout] 137 |         gfx_window_glutin::init::<ColorFormat, DepthFormat>(builder);
[INFO] [stdout]     |         ------------------------------------------------------------ this expression has type `std::result::Result<(glutin::windowed::ContextWrapper<glutin::context::PossiblyCurrent, winit::Window>, gfx_device_gl::Device, gfx_device_gl::Factory, RenderTargetView<gfx_device_gl::Resources, (gfx::format::R8_G8_B8_A8, gfx::format::Unorm)>, DepthStencilView<gfx_device_gl::Resources, (gfx::format::D24_S8, gfx::format::Unorm)>), glutin::CreationError>`
[INFO] [stdout]     |
[INFO] [stdout]     = note: expected enum `std::result::Result<(glutin::windowed::ContextWrapper<glutin::context::PossiblyCurrent, winit::Window>, gfx_device_gl::Device, gfx_device_gl::Factory, RenderTargetView<gfx_device_gl::Resources, (gfx::format::R8_G8_B8_A8, gfx::format::Unorm)>, DepthStencilView<gfx_device_gl::Resources, (gfx::format::D24_S8, gfx::format::Unorm)>), glutin::CreationError>`
[INFO] [stdout]               found tuple `(_, _, _, _, _)`
[INFO] [stdout] 
[INFO] [stdout] 
[INFO] [stdout] error[E0599]: no function or associated item named `new` found for struct `World` in the current scope
[INFO] [stdout]    --> src/render.rs:189:35
[INFO] [stdout]     |
[INFO] [stdout] 189 |         let mut w = specs::World::new();
[INFO] [stdout]     |                                   ^^^ function or associated item not found in `World`
[INFO] [stdout]     |
[INFO] [stdout]     = help: items from traits can only be used if the trait is in scope
[INFO] [stdout]     = note: the following trait is implemented but not in scope; perhaps add a `use` for it:
[INFO] [stdout]             `use specs::WorldExt;`
[INFO] [stdout] 
[INFO] [stdout] 
[INFO] [stdout] warning: unused import: `cgmath::InnerSpace`
[INFO] [stdout]   --> src/systems.rs:55:17
[INFO] [stdout]    |
[INFO] [stdout] 55 |             use cgmath::InnerSpace;
[INFO] [stdout]    |                 ^^^^^^^^^^^^^^^^^^
[INFO] [stdout] 
[INFO] [stdout] 
[INFO] [stdout] error: aborting due to 45 previous errors; 2 warnings emitted
[INFO] [stdout] 
[INFO] [stdout] 
[INFO] [stdout] Some errors have detailed explanations: E0046, E0050, E0061, E0107, E0308, E0412, E0425, E0432, E0433...
[INFO] [stdout] 
[INFO] [stdout] For more information about an error, try `rustc --explain E0046`.
[INFO] [stdout] 
[INFO] [stderr] error: could not compile `fun1`.
[INFO] [stderr] 
[INFO] [stderr] To learn more, run the command again with --verbose.
[INFO] [stderr] warning: build failed, waiting for other jobs to finish...
[INFO] [stdout] warning: unused import: `cgmath::InnerSpace`
[INFO] [stdout]   --> src/systems.rs:55:17
[INFO] [stdout]    |
[INFO] [stdout] 55 |             use cgmath::InnerSpace;
[INFO] [stdout]    |                 ^^^^^^^^^^^^^^^^^^
[INFO] [stdout] 
[INFO] [stdout] 
[INFO] [stdout] error: aborting due to 45 previous errors; 2 warnings emitted
[INFO] [stdout] 
[INFO] [stdout] 
[INFO] [stdout] Some errors have detailed explanations: E0046, E0050, E0061, E0107, E0308, E0412, E0425, E0432, E0433...
[INFO] [stdout] 
[INFO] [stdout] For more information about an error, try `rustc --explain E0046`.
[INFO] [stdout] 
[INFO] [stderr] error: build failed
[INFO] running `Command { std: "docker" "inspect" "f3a98a207f9dd3a4ce5b8373e30d55983e0a5a5999d052f2b4a3a98b5e0e1edd", kill_on_drop: false }`
[INFO] running `Command { std: "docker" "rm" "-f" "f3a98a207f9dd3a4ce5b8373e30d55983e0a5a5999d052f2b4a3a98b5e0e1edd", kill_on_drop: false }`
[INFO] [stdout] f3a98a207f9dd3a4ce5b8373e30d55983e0a5a5999d052f2b4a3a98b5e0e1edd
